*2 + 2. Suppose 5*a = -0*a. Calculate l(a).
-7
Let z(s) = s**3 + 5*s**2 + 4*s + 1. Suppose -l + 3*j - 9 = -4*l, -4*l + 3*j + 5 = 0. Suppose 20 = -3*t - l*x, 5*t = -x + 4 - 28. Give z(t).
1
Let s(u) = u**3 - u**2. Suppose 1 = 3*i - 2. Let l be s(i). Let f(h) = -3*h**2 + 5*h**3 + 0*h - 6*h**3 + 6 + h + 4*h**2. Give f(l).
6
Suppose u - 1 = -2*w, -u = 2*u + 3*w - 6. Let y(t) = -t + 3. Let g(s) = s - 2. Let h(i) = 5*g(i) + 4*y(i). Give h(u).
5
Let o(j) = -3*j + 3. Let f be 0 + (-3)/(9/(-24)). Let c be (-1)/((-2)/f*2). Calculate o(c).
-3
Let a(p) = p - 5. Let w(u) = u + 1. Let c(h) = a(h) + w(h). Give c(4).
4
Let q(x) = -2*x**2 - x + 1. Suppose 0 = -7*z - 14 - 0. Determine q(z).
-5
Let l(t) be the third derivative of t**4/24 - t**3/2 - 19*t**2 + 2. Give l(0).
-3
Let h(b) = -2*b + 7. Let g be 3/(0 + (-2 - -3)). Suppose g*w - 5*z = 20, -5 = -2*w - 0*w + 5*z. Let v be -1*2*w/(-6). What is h(v)?
-3
Suppose 3*l - 3*x - 9 = 0, -5*l + 12 = -l - 3*x. Let a(m) = -l - 1 - 2*m + 4*m - 3*m. Determine a(-3).
-1
Suppose z - 1 = -3*y - 7, -y + 18 = -3*z. Let j(g) = g**2 + 6*g + 1. What is j(z)?
1
Let a(h) = h + 2. Suppose 2*y - 3*m + 8 = -2*m, 3*y = -5*m - 38. Determine a(y).
-4
Let l(v) be the second derivative of -v**5/60 - v**4/4 + 4*v**3/3 + 3*v. Let q(b) be the second derivative of l(b). What is q(-4)?
2
Let x(b) be the third derivative of -b**4/4 + b**3/6 + 37*b**2. Give x(4).
-23
Let z(d) = -d**3 + 6*d**2 - 2*d + 2. Suppose -5*s + 4*r + 38 = 0, 4*r + 15 = 4*s - 17. What is z(s)?
-10
Let n(a) = -a**2 - 2*a - 4. Let v(c) = -5*c**2 - 10*c - 21. Let d(j) = 11*n(j) - 2*v(j). Let t = -5 + 3. Give d(t).
-2
Let j(g) = -g**3 - g**2. Let f be j(0). Suppose -s = s - 6. Let r(b) = -b + f - b**2 + 6*b - s. Give r(2).
3
Let i(o) = 4*o**2 - 3*o + 6. Let k(m) = -m**2 + m - 1. Let w(n) = -i(n) - 3*k(n). Calculate w(3).
-12
Suppose 5 = f - 0. Let w(s) = s + 6. Let p(g) = -7 - 7 - 5 - 4*g. Let h(z) = 2*p(z) + 7*w(z). Calculate h(f).
-1
Let h(k) = -k**2 - k - 1 + k**2 + 6*k**3. Let i = -2 - -1. What is h(i)?
-6
Let n(g) = 8*g**2 - g + 1. Let h be n(1). Suppose -2*t + h = 2*v, v - 2 = -v - 5*t. Let q(l) be the third derivative of l**4/12 - l**3 - 2*l**2. Give q(v).
6
Let z(n) = -4*n**2 + 4*n - 16. Let a(m) = 5*m**2 - 5*m + 17. Let y(d) = -5*a(d) - 6*z(d). Calculate y(0).
11
Let c(a) be the first derivative of -15*a**2/2 - 10*a - 1. Let z(x) = -3*x - 2. Let n be (-53)/(-5) + 12/30. Let o(d) = n*z(d) - 2*c(d). Calculate o(-4).
10
Let r(m) = m**3 + 7*m**2 + 7*m + 9. Let u be -1 - -1 - (-3 + 9). Let v be r(u). Let g(n) = n**v + 2*n**2 - 6*n**2 + 2*n - 1 + 4. Determine g(4).
11
Let s(t) be the third derivative of t**4/12 - t**3/6 - t**2. Let y be s(2). Let d(k) = 2*k + 1. Determine d(y).
7
Let w(m) = 3*m**3 + 7*m**2 + m - 4. Let n(g) = 5*g**3 + 13*g**2 + 3*g - 8. Let s(j) = -4*n(j) + 7*w(j). Determine s(4).
0
Let r(w) = w - 4. Let u(l) = l + 15. Let h be u(-15). Suppose -5*z = t - h*z + 12, 4*z = -4*t. Determine r(t).
-1
Let a(d) = -d + 1. Let s(u) = u - 1. Let y(p) = -7*a(p) - 6*s(p). Let q be (-1 + 2 - -1)*1. Let x be (q - 2 - 1) + 5. Calculate y(x).
3
Let o(q) = q**2 + q + 6. Suppose 0 = -m - 0*m - 4. Let i be 2*-1 + m/(-2). Determine o(i).
6
Let s(i) = -2*i + 1. Let l be ((49/(-14))/(-7))/(1/(-4)). What is s(l)?
5
Let j(a) = -a**2 + 11*a - 18. Let d be j(9). Let s(p) = -p**2 + p + 1. Determine s(d).
1
Suppose -2*i + 4*r = -3*i + 3, i - 3 = -5*r. Let z(n) = -n**i + 22*n**2 - 1 - 22*n**2 + n. What is z(1)?
-1
Let k(a) = -2*a**3 + 7 + 8*a**2 + 5*a**3 + 9*a - 2*a**3 + 2. What is k(-7)?
-5
Let d(x) = -x**2 - 4*x + 1. Suppose 2*i - 5 = -3. Let b be (-9)/i - (-9 + 5). Determine d(b).
-4
Let o(z) be the third derivative of -z**5/60 + z**4/6 + 5*z**3/6 - 45*z**2. Calculate o(4).
5
Let v(k) = 5*k**2 - 4 + 5*k**3 - 4*k**3 - 4*k + 2 + 6*k. What is v(-3)?
10
Let m(x) = -x**2 - 6*x - 9. Suppose 4*g - 4*p + 20 = 2*g, 3*g + 12 = -3*p. What is m(g)?
-9
Let w(z) = z + 6. Suppose 0 = -k - 4*n - 8, 0*k + 6 = -3*k - 3*n. Suppose -q - 8 + 3 = k. What is w(q)?
1
Let b be (-2)/(-9) - 50/(-18). Let t be (-9 + 1)/(3 + -5). Suppose 2*z = -t*f - 14, b*f + z + 10 = -z. Let c(q) = -q**2 - 4*q - 3. Determine c(f).
-3
Suppose -6 = 2*w + 3*t, -3*w + w - 6 = -t. Let z(b) = 7*b - 8*b - b**2 + 2 - 2. Calculate z(w).
-6
Let v(l) = -2*l**3 + 2*l - 16*l**2 + 3 + l**3 + 12*l**2. Calculate v(-4).
-5
Suppose -16 + 0 = 4*f. Let n(x) = x - 1. What is n(f)?
-5
Let o be (3/(-2))/((-27)/36). Let v(f) = -3*f - 2. What is v(o)?
-8
Suppose 3*x - d + 6 = -2*d, 0 = -x - 4*d - 2. Let s(q) = 4*q**2 + 3*q. Give s(x).
10
Let s be 27/(-7) - (-3)/(-21). Let g(t) = -5*t - 5. Determine g(s).
15
Let j(c) be the second derivative of c**3/6 + c**2/2 - 26*c. Determine j(5).
6
Suppose g - 4 = -4*v + 3*v, -v - 3*g + 12 = 0. Let t(r) = -4 + 1 + r**2 + v*r - r. Determine t(0).
-3
Let q = -118 + 118. Let j(p) = -p + 6. Give j(q).
6
Suppose -3*i + 4 = -x - 0*x, 0 = 3*x + 2*i + 23. Let g(j) = j**2 + 7*j + 6. Give g(x).
6
Let t = -5 + 7. Let l(f) = f + 1 - t*f**2 + 2*f**2 + f + f**2 - 4*f**3. Let v(d) = d**3 - 1. Let u be v(0). Give l(u).
4
Let q(k) be the second derivative of k**3/6 + 5*k**2/2 + 5*k. Calculate q(5).
10
Let l(k) = 4*k**2 - 31 + 31 + 4*k - 6*k. What is l(2)?
12
Let c(j) = 4*j**3 + 8*j**2 + 24*j - 28. Let s(l) = -l**3 - 3*l**2 - 8*l + 9. Let g(q) = 2*c(q) + 7*s(q). Determine g(6).
-5
Suppose -3*y - 1 = -7. Let o(v) = -y*v - 2 - 5*v + v - v**2. Let z(k) = -k**3 + 5*k**2 - 2*k + 7. Let t be z(5). Determine o(t).
7
Let d(m) = -3 - 2*m**3 + 7 + m - 5 - m**2 + m. Let q be (-2)/8 - (-5)/4. What is d(q)?
-2
Let s(x) = 2*x - 3. Let j be s(0). Let p(v) = v**2 + 4*v + 1. Give p(j).
-2
Let z = 0 + 5. Suppose -2*k = z*q + 6, 0*q = 2*q + k + 3. Suppose c - 5 = -q. Let u(b) = -b**3 + 5*b**2 - b - 1. Give u(c).
-6
Let n(k) = -k**2 - 2*k + 2. Suppose 2*y - 3*l - 6 = 0, 4*y + 2*l + 6 = -14. Determine n(y).
-1
Let u(p) = 3*p**2 - 17*p**2 - 3 + 8*p + 7*p**2 - p**3. What is u(-8)?
-3
Let v(a) = -5*a + 4. Let p = -9 + 14. What is v(p)?
-21
Let i(l) = -2*l**2 + 3*l + 1. Let y(r) = 10*r**2 - 16*r - 5. Let h(p) = -11*i(p) - 2*y(p). Give h(-2).
9
Let w(o) = o**2 + 4*o + 2. Let k(g) = -2*g - 6. Let n be k(-4). Let b be ((-30)/(-3))/(n + 0). Suppose b*a = -2 - 23. What is w(a)?
7
Let x(g) = g + 10. Let l(q) = -q**3 - 2*q**2 + 4*q + 3. Let s(n) = n**3 + 7*n**2 + n + 10. Let b be s(-7). Let v = b - 5. Let p be l(v). Determine x(p).
5
Suppose -3*l + 3 = -9, -l = -3*g + 35. Let t = g + -13. Let b(y) = -y**3 + y**2 + y - 4. What is b(t)?
-4
Let b(i) = -i + 3. Let t(m) = m - 2. Let j(g) = 5*b(g) + 4*t(g). Determine j(0).
7
Let j(o) = -3*o + 2*o**3 - 2*o**3 - 4*o**2 - 4 + o**3. Let q(y) = -y**2 + y + 8. Let p be q(0). Let t be (10/8)/(2/p). Determine j(t).
6
Let y(d) be the third derivative of 0*d + 3*d**2 + 1/6*d**3 - 1/12*d**4 + 0. Calculate y(-3).
7
Let h(t) = -6*t - 1. Let x(o) = -o - 4. Let p be x(-6). Suppose p*q + 5 = q. Let n = q - -6. What is h(n)?
-7
Let j(m) = m**3 - 5*m**2 + 7*m. Let n(b) be the second derivative of b**5/20 - b**4/12 + b**3/6 + b. Let v(s) = -j(s) + 2*n(s). Calculate v(-4).
4
Let h(t) = -1. Let r(m) = -m + 2. Let b(s) = -4*h(s) - 2*r(s). Let c = -17 + 14. Calculate b(c).
-6
Let c(x) be the first derivative of 4*x**3/3 + x + 1. Let y(l) = -l**2 + 6*l - 3. Let b be y(4). Let s = b - 6. Determine c(s).
5
Suppose -2*n + 2*c - 22 = -3*c, -4 = 2*n + 4*c. Let k(g) = g**2 + 7*g - 2. What is k(n)?
-8
Let g(v) = 2*v + 3. Let f(d) = -d + 0 - 5 + 3. Let y be f(-3). Let l(x) = 1. Let r(j) = y*g(j) - 4*l(j). What is r(-2)?
-5
Let s(t) = -2*t**2 - 2. Let j = 140 - 142. What is s(j)?
-10
Let x(c) = -c + 0 - 3 - 5. Let w be x(-7). Let v(u) = -2*u**3 + 2*u + 1. Calculate v(w).
1
Suppose 0 = 6*g - 2*g. Suppose -3 + g = -r. Let b(c) = -5*c**2 - 2*c**r + 5 + 2*c - 2 + c**3. Determine b(-5).
-7
Let u(h) = -h. Let q(b) = 2*b + 1. Let l(j) = 4*q(j) + 7*u(j). Calculate l(-3).
1
Let k(j) = -j + 2. Suppose -4*t = -3*z - 19, 3*z - 5 - 8 = -4*t. What is k(t)?
-2
Let c(d) = d**2 + 1. Let m = 5 - 2. Determine c(m).
10
Let o(v) = 3*v**3 - 4*v**2 + v + 2. Let k(g) = -g**3 + g**2 - g - 1. Let y(b) = 2*k(b) + o(b). Let p be ((-3)/12)/(1/(-4)). Let z = p + 1. Calculate y(z).
-2
Suppose -3*b = 4*b - 35. Let p(o) = -o**2 + 7*o + 7. Give p(b).
17
Let r(n) be the third deri